{"id":3900,"date":"2024-05-29T12:39:17","date_gmt":"2024-05-29T10:39:17","guid":{"rendered":"https:\/\/cpsanjorge.educacion.navarra.es\/web\/?page_id=3900"},"modified":"2024-06-05T14:15:30","modified_gmt":"2024-06-05T12:15:30","slug":"aula-de-lengua-espanola","status":"publish","type":"page","link":"https:\/\/cpsanjorge.educacion.navarra.es\/web\/aula-de-lengua-espanola\/","title":{"rendered":"Aula de lengua espa\u00f1ola"},"content":{"rendered":"\n<p>Desde el curso 2022\/23 el CP San Jorge ofrece clases de espa\u00f1ol a familiares del alumnado del centro. A continuaci\u00f3n, os dejamos un regalo muy entra\u00f1able en el que un grupo de madres entusiastas ha trabajado pr\u00e1cticamente desde el principio de curso: una misma historia, la historia de Pipa, narrada en cuatro diferentes idiomas. \u00a1Disfrutadla!<\/p>\n\n\n\n<p>\u00a0<\/p>\n<p><iframe loading=\"lazy\" title=\"Pipa - espa\u00f1ol\" width=\"525\" height=\"295\" src=\"https:\/\/www.youtube.com\/embed\/W1rbiyG1PtQ?feature=oembed\" frameborder=\"0\" allow=\"accelerometer; autoplay; clipboard-write; encrypted-media; gyroscope; picture-in-picture; web-share\" referrerpolicy=\"strict-origin-when-cross-origin\" allowfullscreen><\/iframe><\/p>\n<p>\u00a0<\/p>\n<p><iframe loading=\"lazy\" title=\"Pipa   -   griego\" width=\"525\" height=\"295\" src=\"https:\/\/www.youtube.com\/embed\/ewtrf_QdLN0?feature=oembed\" frameborder=\"0\" allow=\"accelerometer; autoplay; clipboard-write; encrypted-media; gyroscope; picture-in-picture; web-share\" referrerpolicy=\"strict-origin-when-cross-origin\" allowfullscreen><\/iframe><\/p>\n<p>\u00a0<\/p>\n<p><iframe loading=\"lazy\" title=\"Pipa  -  ucraniano\" width=\"525\" height=\"295\" src=\"https:\/\/www.youtube.com\/embed\/1ccIxTCR3s8?start=42&#038;feature=oembed\" frameborder=\"0\" allow=\"accelerometer; autoplay; clipboard-write; encrypted-media; gyroscope; picture-in-picture; web-share\" referrerpolicy=\"strict-origin-when-cross-origin\" allowfullscreen><\/iframe><\/p>\n<p>\u00a0<\/p>\n<p><iframe loading=\"lazy\" title=\"Pipa  -  \u00e1rabe\" width=\"525\" height=\"295\" src=\"https:\/\/www.youtube.com\/embed\/IdS8Lo2HMX8?start=28&#038;feature=oembed\" frameborder=\"0\" allow=\"accelerometer; autoplay; clipboard-write; encrypted-media; gyroscope; picture-in-picture; web-share\" referrerpolicy=\"strict-origin-when-cross-origin\" allowfullscreen><\/iframe><\/p>\n<p>\u00a0<\/p>\n<p>\u00a0<\/p>\n<p>\u00a0<\/p>\n<p>\u00a0<\/p>\n<p>\u00a0<\/p>\n","protected":false},"excerpt":{"rendered":"<p>Desde el curso 2022\/23 el CP San Jorge ofrece clases de espa\u00f1ol a familiares del alumnado del centro. A continuaci\u00f3n, os dejamos un regalo muy entra\u00f1able en el que un grupo de madres entusiastas ha trabajado pr\u00e1cticamente desde el principio de curso: una misma historia, la historia de Pipa, narrada en cuatro diferentes idiomas. \u00a1Disfrutadla! &hellip; <\/p>\n<p class=\"link-more\"><a href=\"https:\/\/cpsanjorge.educacion.navarra.es\/web\/aula-de-lengua-espanola\/\" class=\"more-link\">Continuar leyendo<span class=\"screen-reader-text\"> \u00abAula de lengua espa\u00f1ola\u00bb<\/span><\/a><\/p>\n","protected":false},"author":1,"featured_media":0,"parent":0,"menu_order":0,"comment_status":"closed","ping_status":"closed","template":"","meta":[],"_links":{"self":[{"href":"https:\/\/cpsanjorge.educacion.navarra.es\/web\/wp-json\/wp\/v2\/pages\/3900"}],"collection":[{"href":"https:\/\/cpsanjorge.educacion.navarra.es\/web\/wp-json\/wp\/v2\/pages"}],"about":[{"href":"https:\/\/cpsanjorge.educacion.navarra.es\/web\/wp-json\/wp\/v2\/types\/page"}],"author":[{"embeddable":true,"href":"https:\/\/cpsanjorge.educacion.navarra.es\/web\/wp-json\/wp\/v2\/users\/1"}],"replies":[{"embeddable":true,"href":"https:\/\/cpsanjorge.educacion.navarra.es\/web\/wp-json\/wp\/v2\/comments?post=3900"}],"version-history":[{"count":9,"href":"https:\/\/cpsanjorge.educacion.navarra.es\/web\/wp-json\/wp\/v2\/pages\/3900\/revisions"}],"predecessor-version":[{"id":3916,"href":"https:\/\/cpsanjorge.educacion.navarra.es\/web\/wp-json\/wp\/v2\/pages\/3900\/revisions\/3916"}],"wp:attachment":[{"href":"https:\/\/cpsanjorge.educacion.navarra.es\/web\/wp-json\/wp\/v2\/media?parent=3900"}],"curies":[{"name":"wp","href":"https:\/\/api.w.org\/{rel}","templated":true}]}}