{"id":3562,"date":"2023-10-06T23:01:31","date_gmt":"2023-10-06T21:01:31","guid":{"rendered":"https:\/\/cpsanjorge.educacion.navarra.es\/web\/?page_id=3562"},"modified":"2024-06-25T22:25:46","modified_gmt":"2024-06-25T20:25:46","slug":"como-ser-voluntaria-o-voluntario","status":"publish","type":"page","link":"https:\/\/cpsanjorge.educacion.navarra.es\/web\/como-ser-voluntaria-o-voluntario\/","title":{"rendered":"Ser voluntaria o voluntario en el colegio"},"content":{"rendered":"\n<p style=\"text-align: justify;\">Las PERSONAS VOLUNTARIAS convert\u00eds el colegio p\u00fablico de San Jorge en un colegio muy especial. Familias: queremos agradecer vuestra presencia y participaci\u00f3n. Qu\u00e9 bueno que est\u00e9is ah\u00ed para acompa\u00f1ar a vuestros hijos e hijas en su aprendizaje dentro de las aulas. <strong>Mil gracias tambi\u00e9n a quienes, sin ser familiares de nuestro alumnado, os anim\u00e1is a venir y ense\u00f1ar tantas y tantas cosas&#8230;<\/strong> Como muestra de este particular agradecimiento las tutoras y los tutores, con quienes hab\u00e9is colaborado estrechamente a lo largo de este curso, os hicieron entrega de los diplomas que acreditan vuestro compromiso y el cari\u00f1o con que trat\u00e1is siempre a los ni\u00f1os y las ni\u00f1as del cole.<\/p>\n<figure id=\"attachment_3929\" aria-describedby=\"caption-attachment-3929\" style=\"width: 1500px\" class=\"wp-caption aligncenter\"><img loading=\"lazy\" class=\"wp-image-3929 size-full\" src=\"https:\/\/cpsanjorge.educacion.navarra.es\/web\/wp-content\/uploads\/2024\/06\/Foto-de-grupo.jpg\" alt=\"\" width=\"1500\" height=\"1125\" srcset=\"https:\/\/cpsanjorge.educacion.navarra.es\/web\/wp-content\/uploads\/2024\/06\/Foto-de-grupo.jpg 1500w, https:\/\/cpsanjorge.educacion.navarra.es\/web\/wp-content\/uploads\/2024\/06\/Foto-de-grupo-300x225.jpg 300w, https:\/\/cpsanjorge.educacion.navarra.es\/web\/wp-content\/uploads\/2024\/06\/Foto-de-grupo-1024x768.jpg 1024w, https:\/\/cpsanjorge.educacion.navarra.es\/web\/wp-content\/uploads\/2024\/06\/Foto-de-grupo-768x576.jpg 768w\" sizes=\"(max-width: 767px) 89vw, (max-width: 1000px) 54vw, (max-width: 1071px) 543px, 580px\" \/><figcaption id=\"caption-attachment-3929\" class=\"wp-caption-text\">No pod\u00eda faltar la foto de familia en el aula Paulo Freire, ya todo un referente en nuestra comunidad educativa. En primer t\u00e9rmino, el piscolabis del que dimos buena cuenta.<\/figcaption><\/figure>\n<p>\u00a0<\/p>\n<div id='gallery-1' class='gallery galleryid-3562 gallery-columns-3 gallery-size-thumbnail'><figure class='gallery-item'>\n\t\t\t<div class='gallery-icon landscape'>\n\t\t\t\t<a href='https:\/\/cpsanjorge.educacion.navarra.es\/web\/como-ser-voluntaria-o-voluntario\/itziar-2\/'><img width=\"150\" height=\"150\" src=\"https:\/\/cpsanjorge.educacion.navarra.es\/web\/wp-content\/uploads\/2024\/06\/Itziar-2-150x150.jpg\" class=\"attachment-thumbnail size-thumbnail\" alt=\"\" loading=\"lazy\" aria-describedby=\"gallery-1-3922\" sizes=\"100vw\" \/><\/a>\n\t\t\t<\/div>\n\t\t\t\t<figcaption class='wp-caption-text gallery-caption' id='gallery-1-3922'>\n\t\t\t\tMerche con Itziar y Rebeka.\n\t\t\t\t<\/figcaption><\/figure><figure class='gallery-item'>\n\t\t\t<div class='gallery-icon landscape'>\n\t\t\t\t<a href='https:\/\/cpsanjorge.educacion.navarra.es\/web\/como-ser-voluntaria-o-voluntario\/miguel\/'><img width=\"150\" height=\"150\" src=\"https:\/\/cpsanjorge.educacion.navarra.es\/web\/wp-content\/uploads\/2024\/06\/Miguel-150x150.jpg\" class=\"attachment-thumbnail size-thumbnail\" alt=\"\" loading=\"lazy\" aria-describedby=\"gallery-1-3923\" sizes=\"100vw\" \/><\/a>\n\t\t\t<\/div>\n\t\t\t\t<figcaption class='wp-caption-text gallery-caption' id='gallery-1-3923'>\n\t\t\t\tIdoia con Miguel.\n\t\t\t\t<\/figcaption><\/figure><figure class='gallery-item'>\n\t\t\t<div class='gallery-icon landscape'>\n\t\t\t\t<a href='https:\/\/cpsanjorge.educacion.navarra.es\/web\/como-ser-voluntaria-o-voluntario\/rosa-2\/'><img width=\"150\" height=\"150\" src=\"https:\/\/cpsanjorge.educacion.navarra.es\/web\/wp-content\/uploads\/2024\/06\/Rosa-150x150.jpg\" class=\"attachment-thumbnail size-thumbnail\" alt=\"\" loading=\"lazy\" aria-describedby=\"gallery-1-3924\" sizes=\"100vw\" \/><\/a>\n\t\t\t<\/div>\n\t\t\t\t<figcaption class='wp-caption-text gallery-caption' id='gallery-1-3924'>\n\t\t\t\tAna, de blanco, con Rosa.\n\t\t\t\t<\/figcaption><\/figure><figure class='gallery-item'>\n\t\t\t<div class='gallery-icon landscape'>\n\t\t\t\t<a href='https:\/\/cpsanjorge.educacion.navarra.es\/web\/como-ser-voluntaria-o-voluntario\/ana-y-yolanda\/'><img width=\"150\" height=\"150\" src=\"https:\/\/cpsanjorge.educacion.navarra.es\/web\/wp-content\/uploads\/2024\/06\/Ana-y-Yolanda-150x150.jpg\" class=\"attachment-thumbnail size-thumbnail\" alt=\"\" loading=\"lazy\" aria-describedby=\"gallery-1-3925\" sizes=\"100vw\" \/><\/a>\n\t\t\t<\/div>\n\t\t\t\t<figcaption class='wp-caption-text gallery-caption' id='gallery-1-3925'>\n\t\t\t\tViky con Ana y Yolanda.\n\t\t\t\t<\/figcaption><\/figure><figure class='gallery-item'>\n\t\t\t<div class='gallery-icon landscape'>\n\t\t\t\t<a href='https:\/\/cpsanjorge.educacion.navarra.es\/web\/como-ser-voluntaria-o-voluntario\/miriam\/'><img width=\"150\" height=\"150\" src=\"https:\/\/cpsanjorge.educacion.navarra.es\/web\/wp-content\/uploads\/2024\/06\/Miriam-150x150.jpg\" class=\"attachment-thumbnail size-thumbnail\" alt=\"\" loading=\"lazy\" aria-describedby=\"gallery-1-3926\" sizes=\"100vw\" \/><\/a>\n\t\t\t<\/div>\n\t\t\t\t<figcaption class='wp-caption-text gallery-caption' id='gallery-1-3926'>\n\t\t\t\tElo\u00edsa con Miriam.\n\t\t\t\t<\/figcaption><\/figure><figure class='gallery-item'>\n\t\t\t<div class='gallery-icon landscape'>\n\t\t\t\t<a href='https:\/\/cpsanjorge.educacion.navarra.es\/web\/como-ser-voluntaria-o-voluntario\/david\/'><img width=\"150\" height=\"150\" src=\"https:\/\/cpsanjorge.educacion.navarra.es\/web\/wp-content\/uploads\/2024\/06\/David-150x150.jpg\" class=\"attachment-thumbnail size-thumbnail\" alt=\"\" loading=\"lazy\" aria-describedby=\"gallery-1-3927\" sizes=\"100vw\" \/><\/a>\n\t\t\t<\/div>\n\t\t\t\t<figcaption class='wp-caption-text gallery-caption' id='gallery-1-3927'>\n\t\t\t\tAna con Carolina y David.\n\t\t\t\t<\/figcaption><\/figure><figure class='gallery-item'>\n\t\t\t<div class='gallery-icon landscape'>\n\t\t\t\t<a href='https:\/\/cpsanjorge.educacion.navarra.es\/web\/como-ser-voluntaria-o-voluntario\/pablo\/'><img width=\"150\" height=\"150\" src=\"https:\/\/cpsanjorge.educacion.navarra.es\/web\/wp-content\/uploads\/2024\/06\/Pablo-150x150.jpg\" class=\"attachment-thumbnail size-thumbnail\" alt=\"\" loading=\"lazy\" aria-describedby=\"gallery-1-3928\" sizes=\"100vw\" \/><\/a>\n\t\t\t<\/div>\n\t\t\t\t<figcaption class='wp-caption-text gallery-caption' id='gallery-1-3928'>\n\t\t\t\tJosemari con Pablo, Idoia y Amaia. \n\t\t\t\t<\/figcaption><\/figure>\n\t\t<\/div>\n\n<p style=\"text-align: justify;\">Si te pica la curiosidad, si deseas vivir el barrio m\u00e1s intensamente, si quieres ayudar a que los ni\u00f1os y los ni\u00f1os aprendan m\u00e1s, pincha <span style=\"color: #000000; background-color: #ffff99;\"><a style=\"color: #000000; background-color: #ffff99;\" href=\"https:\/\/docs.google.com\/forms\/d\/1bfHJhNZDvAA40m-GO-cvLh0PS8X9b-FVrSLltrSsDoI\/edit?pli=1\"><span style=\"text-decoration: underline;\"><strong>AQU\u00cd<\/strong><\/span><\/a> <\/span>para acceder al formulario de participaci\u00f3n. Rell\u00e9nalo y pulsa ENVIAR. Nos pondremos en contacto contigo lo antes posible. An\u00edmate y participa el pr\u00f3ximo curso. Te esperamos.<\/p>\n<p style=\"text-align: center;\"><strong>\u00a1Vente al cole de San Jorge!<\/strong><\/p>\n","protected":false},"excerpt":{"rendered":"<p>Las PERSONAS VOLUNTARIAS convert\u00eds el colegio p\u00fablico de San Jorge en un colegio muy especial. Familias: queremos agradecer vuestra presencia y participaci\u00f3n. Qu\u00e9 bueno que est\u00e9is ah\u00ed para acompa\u00f1ar a vuestros hijos e hijas en su aprendizaje dentro de las aulas. Mil gracias tambi\u00e9n a quienes, sin ser familiares de nuestro alumnado, os anim\u00e1is a &hellip; <\/p>\n<p class=\"link-more\"><a href=\"https:\/\/cpsanjorge.educacion.navarra.es\/web\/como-ser-voluntaria-o-voluntario\/\" class=\"more-link\">Continuar leyendo<span class=\"screen-reader-text\"> \u00abSer voluntaria o voluntario en el colegio\u00bb<\/span><\/a><\/p>\n","protected":false},"author":1,"featured_media":0,"parent":0,"menu_order":0,"comment_status":"closed","ping_status":"closed","template":"","meta":[],"_links":{"self":[{"href":"https:\/\/cpsanjorge.educacion.navarra.es\/web\/wp-json\/wp\/v2\/pages\/3562"}],"collection":[{"href":"https:\/\/cpsanjorge.educacion.navarra.es\/web\/wp-json\/wp\/v2\/pages"}],"about":[{"href":"https:\/\/cpsanjorge.educacion.navarra.es\/web\/wp-json\/wp\/v2\/types\/page"}],"author":[{"embeddable":true,"href":"https:\/\/cpsanjorge.educacion.navarra.es\/web\/wp-json\/wp\/v2\/users\/1"}],"replies":[{"embeddable":true,"href":"https:\/\/cpsanjorge.educacion.navarra.es\/web\/wp-json\/wp\/v2\/comments?post=3562"}],"version-history":[{"count":11,"href":"https:\/\/cpsanjorge.educacion.navarra.es\/web\/wp-json\/wp\/v2\/pages\/3562\/revisions"}],"predecessor-version":[{"id":3936,"href":"https:\/\/cpsanjorge.educacion.navarra.es\/web\/wp-json\/wp\/v2\/pages\/3562\/revisions\/3936"}],"wp:attachment":[{"href":"https:\/\/cpsanjorge.educacion.navarra.es\/web\/wp-json\/wp\/v2\/media?parent=3562"}],"curies":[{"name":"wp","href":"https:\/\/api.w.org\/{rel}","templated":true}]}}

<p style="text-align: justify;">Las PERSONAS VOLUNTARIAS convertís el colegio público de San Jorge en un colegio muy especial. Familias: queremos agradecer vuestra presencia y participación. Qué bueno que estéis ahí para acompañar a vuestros hijos e hijas en su aprendizaje dentro de las aulas. <strong>Mil gracias también a quienes, sin ser familiares de nuestro alumnado, os animáis a venir y enseñar tantas y tantas cosas&#8230;</strong> Como muestra de este particular agradecimiento las tutoras y los tutores, con quienes habéis colaborado estrechamente a lo largo de este curso, os hicieron entrega de los diplomas que acreditan vuestro compromiso y el cariño con que tratáis siempre a los niños y las niñas del cole.</p>
<figure id="attachment_3929" aria-describedby="caption-attachment-3929" style="width: 1500px" class="wp-caption aligncenter"><img loading="lazy" class="wp-image-3929 size-full" src="https://cpsanjorge.educacion.navarra.es/web/wp-content/uploads/2024/06/Foto-de-grupo.jpg" alt="" width="1500" height="1125" srcset="https://cpsanjorge.educacion.navarra.es/web/wp-content/uploads/2024/06/Foto-de-grupo.jpg 1500w, https://cpsanjorge.educacion.navarra.es/web/wp-content/uploads/2024/06/Foto-de-grupo-300x225.jpg 300w, https://cpsanjorge.educacion.navarra.es/web/wp-content/uploads/2024/06/Foto-de-grupo-1024x768.jpg 1024w, https://cpsanjorge.educacion.navarra.es/web/wp-content/uploads/2024/06/Foto-de-grupo-768x576.jpg 768w" sizes="(max-width: 767px) 89vw, (max-width: 1000px) 54vw, (max-width: 1071px) 543px, 580px" /><figcaption id="caption-attachment-3929" class="wp-caption-text">No podía faltar la foto de familia en el aula Paulo Freire, ya todo un referente en nuestra comunidad educativa. En primer término, el piscolabis del que dimos buena cuenta.</figcaption></figure>
<p> </p>
<div id='gallery-1' class='gallery galleryid-3562 gallery-columns-3 gallery-size-thumbnail'><figure class='gallery-item'>
			<div class='gallery-icon landscape'>
				<a href='https://cpsanjorge.educacion.navarra.es/web/como-ser-voluntaria-o-voluntario/itziar-2/'><img width="150" height="150" src="https://cpsanjorge.educacion.navarra.es/web/wp-content/uploads/2024/06/Itziar-2-150x150.jpg" class="attachment-thumbnail size-thumbnail" alt="" loading="lazy" aria-describedby="gallery-1-3922" sizes="100vw" /></a>
			</div>
				<figcaption class='wp-caption-text gallery-caption' id='gallery-1-3922'>
				Merche con Itziar y Rebeka.
				</figcaption></figure><figure class='gallery-item'>
			<div class='gallery-icon landscape'>
				<a href='https://cpsanjorge.educacion.navarra.es/web/como-ser-voluntaria-o-voluntario/miguel/'><img width="150" height="150" src="https://cpsanjorge.educacion.navarra.es/web/wp-content/uploads/2024/06/Miguel-150x150.jpg" class="attachment-thumbnail size-thumbnail" alt="" loading="lazy" aria-describedby="gallery-1-3923" sizes="100vw" /></a>
			</div>
				<figcaption class='wp-caption-text gallery-caption' id='gallery-1-3923'>
				Idoia con Miguel.
				</figcaption></figure><figure class='gallery-item'>
			<div class='gallery-icon landscape'>
				<a href='https://cpsanjorge.educacion.navarra.es/web/como-ser-voluntaria-o-voluntario/rosa-2/'><img width="150" height="150" src="https://cpsanjorge.educacion.navarra.es/web/wp-content/uploads/2024/06/Rosa-150x150.jpg" class="attachment-thumbnail size-thumbnail" alt="" loading="lazy" aria-describedby="gallery-1-3924" sizes="100vw" /></a>
			</div>
				<figcaption class='wp-caption-text gallery-caption' id='gallery-1-3924'>
				Ana, de blanco, con Rosa.
				</figcaption></figure><figure class='gallery-item'>
			<div class='gallery-icon landscape'>
				<a href='https://cpsanjorge.educacion.navarra.es/web/como-ser-voluntaria-o-voluntario/ana-y-yolanda/'><img width="150" height="150" src="https://cpsanjorge.educacion.navarra.es/web/wp-content/uploads/2024/06/Ana-y-Yolanda-150x150.jpg" class="attachment-thumbnail size-thumbnail" alt="" loading="lazy" aria-describedby="gallery-1-3925" sizes="100vw" /></a>
			</div>
				<figcaption class='wp-caption-text gallery-caption' id='gallery-1-3925'>
				Viky con Ana y Yolanda.
				</figcaption></figure><figure class='gallery-item'>
			<div class='gallery-icon landscape'>
				<a href='https://cpsanjorge.educacion.navarra.es/web/como-ser-voluntaria-o-voluntario/miriam/'><img width="150" height="150" src="https://cpsanjorge.educacion.navarra.es/web/wp-content/uploads/2024/06/Miriam-150x150.jpg" class="attachment-thumbnail size-thumbnail" alt="" loading="lazy" aria-describedby="gallery-1-3926" sizes="100vw" /></a>
			</div>
				<figcaption class='wp-caption-text gallery-caption' id='gallery-1-3926'>
				Eloísa con Miriam.
				</figcaption></figure><figure class='gallery-item'>
			<div class='gallery-icon landscape'>
				<a href='https://cpsanjorge.educacion.navarra.es/web/como-ser-voluntaria-o-voluntario/david/'><img width="150" height="150" src="https://cpsanjorge.educacion.navarra.es/web/wp-content/uploads/2024/06/David-150x150.jpg" class="attachment-thumbnail size-thumbnail" alt="" loading="lazy" aria-describedby="gallery-1-3927" sizes="100vw" /></a>
			</div>
				<figcaption class='wp-caption-text gallery-caption' id='gallery-1-3927'>
				Ana con Carolina y David.
				</figcaption></figure><figure class='gallery-item'>
			<div class='gallery-icon landscape'>
				<a href='https://cpsanjorge.educacion.navarra.es/web/como-ser-voluntaria-o-voluntario/pablo/'><img width="150" height="150" src="https://cpsanjorge.educacion.navarra.es/web/wp-content/uploads/2024/06/Pablo-150x150.jpg" class="attachment-thumbnail size-thumbnail" alt="" loading="lazy" aria-describedby="gallery-1-3928" sizes="100vw" /></a>
			</div>
				<figcaption class='wp-caption-text gallery-caption' id='gallery-1-3928'>
				Josemari con Pablo, Idoia y Amaia. 
				</figcaption></figure>
		</div>

<p style="text-align: justify;">Si te pica la curiosidad, si deseas vivir el barrio más intensamente, si quieres ayudar a que los niños y los niños aprendan más, pincha <span style="color: #000000; background-color: #ffff99;"><a style="color: #000000; background-color: #ffff99;" href="https://docs.google.com/forms/d/1bfHJhNZDvAA40m-GO-cvLh0PS8X9b-FVrSLltrSsDoI/edit?pli=1"><span style="text-decoration: underline;"><strong>AQUÍ</strong></span></a> </span>para acceder al formulario de participación. Rellénalo y pulsa ENVIAR. Nos pondremos en contacto contigo lo antes posible. Anímate y participa el próximo curso. Te esperamos.</p>
<p style="text-align: center;"><strong>¡Vente al cole de San Jorge!</strong></p>

<p>Las PERSONAS VOLUNTARIAS convertís el colegio público de San Jorge en un colegio muy especial. Familias: queremos agradecer vuestra presencia y participación. Qué bueno que estéis ahí para acompañar a vuestros hijos e hijas en su aprendizaje dentro de las aulas. Mil gracias también a quienes, sin ser familiares de nuestro alumnado, os animáis a &hellip; </p>
<p class="link-more"><a href="https://cpsanjorge.educacion.navarra.es/web/como-ser-voluntaria-o-voluntario/" class="more-link">Continuar leyendo<span class="screen-reader-text"> «Ser voluntaria o voluntario en el colegio»</span></a></p>
