{"id":330,"date":"2016-04-07T12:18:53","date_gmt":"2016-04-07T10:18:53","guid":{"rendered":"http:\/\/cpsanjorge.educacion.navarra.es\/web\/?page_id=330"},"modified":"2025-09-10T10:39:24","modified_gmt":"2025-09-10T08:39:24","slug":"5o-educacion-primaria","status":"publish","type":"page","link":"https:\/\/cpsanjorge.educacion.navarra.es\/web\/5o-educacion-primaria\/","title":{"rendered":"Materiales para 5\u00ba Educaci\u00f3n Primaria"},"content":{"rendered":"\n\n\n<p>\u00a0<\/p>\n<ul>\n<li style=\"font-weight: 400;\" aria-level=\"1\"><span style=\"font-weight: 400;\">CUADERNOS <\/span><b>CUADRICULADOS<\/b> <span style=\"font-weight: 400;\">TAMA\u00d1O FOLIO.<\/span>\n<ul>\n<li style=\"font-weight: 400;\" aria-level=\"2\"><span style=\"font-weight: 400;\">1\u00a0 PARA MATEM\u00c1TICAS.<\/span><\/li>\n<li style=\"font-weight: 400;\" aria-level=\"2\"><span style=\"font-weight: 400;\">1\u00a0 PARA LENGUA.<\/span><\/li>\n<li style=\"font-weight: 400;\" aria-level=\"2\"><span style=\"font-weight: 400;\">1\u00a0 PARA CONOCIMIENTO DEL MEDIO.<\/span><\/li>\n<li style=\"font-weight: 400;\" aria-level=\"2\"><span style=\"font-weight: 400;\">1\u00a0 PARA INGL\u00c9S (*Solo alumnado nuevo)<\/span><\/li>\n<li style=\"font-weight: 400;\" aria-level=\"2\"><span style=\"font-weight: 400;\">1\u00a0 PARA RELIGI\u00d3N.<\/span><\/li>\n<li style=\"font-weight: 400;\" aria-level=\"2\"><span style=\"font-weight: 400;\">1\u00a0 PARA EUSKERA.(*Solo alumnado nuevo)<\/span><\/li>\n<\/ul>\n<\/li>\n<\/ul>\n<p><strong>SI TIENEN MATERIALES EN BUEN ESTADO DEL CURSO ANTERIOR, PUEDEN CONTINUAR CON LOS MISMOS.<\/strong><b><\/b><\/p>\n<ul>\n<li style=\"list-style-type: none;\">\n<ul>\n<li style=\"font-weight: 400;\" aria-level=\"2\"><span style=\"font-weight: 400;\">1 ARCHIVADOR DE FUNDAS DE PL\u00c1STICO (M\u00c1S DE 20 FUNDAS).<\/span><\/li>\n<li style=\"font-weight: 400;\" aria-level=\"2\"><span style=\"font-weight: 400;\">TIJERAS.<\/span><\/li>\n<li style=\"font-weight: 400;\" aria-level=\"2\"><span style=\"font-weight: 400;\">CARPETAS PARA M\u00daSICA, RELIGI\u00d3N, EUSKERA Y FRANC\u00c9S.<\/span><\/li>\n<\/ul>\n<\/li>\n<\/ul>\n<p>\u00a0<\/p>\n<ul>\n<li style=\"font-weight: 400;\" aria-level=\"1\"><span style=\"font-weight: 400;\">2 BOL\u00cdGRAFOS BORRABLES DE COLOR AZUL.<\/span><\/li>\n<li style=\"font-weight: 400;\" aria-level=\"1\"><span style=\"font-weight: 400;\">1 BOL\u00cdGRAFO BORRABLE DE COLOR\u00a0 ROJO.<\/span><\/li>\n<li style=\"font-weight: 400;\" aria-level=\"1\"><span style=\"font-weight: 400;\">3 L\u00c1PICES DEL N\u00ba2, 3 GOMAS Y SACAPUNTAS.<\/span><\/li>\n<li style=\"font-weight: 400;\" aria-level=\"1\"><span style=\"font-weight: 400;\">PEGAMENTO DE BARRA.<\/span><\/li>\n<li style=\"font-weight: 400;\" aria-level=\"1\"><span style=\"font-weight: 400;\">L\u00c1PICES DE COLORES (MADERA O PLASTIDECOR).<\/span><\/li>\n<li style=\"font-weight: 400;\" aria-level=\"1\"><span style=\"font-weight: 400;\">ROTULADORES.<\/span><\/li>\n<\/ul>\n<p>\u00a0<\/p>\n<p><b>MATERIAL PARA INGL\u00c9S: <\/b><span style=\"font-weight: 400;\">HEROES 5 ACTIVITY BOOK PK (+GRAM PRACT). <\/span><span style=\"font-weight: 400;\">MCMILLAN E.L.T. <\/span><b>ISBN: 9781380055323.<\/b><\/p>\n<ul>\n<li aria-level=\"1\"><b>EL ALUMNADO QUE CURSE <\/b><b>FRANC\u00c9S <\/b><b>DEBER\u00c1 COMPRAR: <\/b><span style=\"font-weight: 400;\">CAHIER D&#8217;EXERCICES 2 (CUADERNO DE ACTIVIDADES) M\u00c9THODE DE FRAN\u00c7AIS VITAMINE ET PLUS 2. EDITORIAL SANTILLANA. ISBN: 9788492729944.<\/span><\/li>\n<\/ul>\n<p style=\"text-align: right;\"><span style=\"font-weight: 400;\">Pamplona, junio de 2025<\/span><\/p>\n","protected":false},"excerpt":{"rendered":"<p>\u00a0 CUADERNOS CUADRICULADOS TAMA\u00d1O FOLIO. 1\u00a0 PARA MATEM\u00c1TICAS. 1\u00a0 PARA LENGUA. 1\u00a0 PARA CONOCIMIENTO DEL MEDIO. 1\u00a0 PARA INGL\u00c9S (*Solo alumnado nuevo) 1\u00a0 PARA RELIGI\u00d3N. 1\u00a0 PARA EUSKERA.(*Solo alumnado nuevo) SI TIENEN MATERIALES EN BUEN ESTADO DEL CURSO ANTERIOR, PUEDEN CONTINUAR CON LOS MISMOS. 1 ARCHIVADOR DE FUNDAS DE PL\u00c1STICO (M\u00c1S DE 20 FUNDAS). TIJERAS. &hellip; <\/p>\n<p class=\"link-more\"><a href=\"https:\/\/cpsanjorge.educacion.navarra.es\/web\/5o-educacion-primaria\/\" class=\"more-link\">Continuar leyendo<span class=\"screen-reader-text\"> \u00abMateriales para 5\u00ba Educaci\u00f3n Primaria\u00bb<\/span><\/a><\/p>\n","protected":false},"author":1,"featured_media":0,"parent":0,"menu_order":0,"comment_status":"closed","ping_status":"closed","template":"","meta":[],"_links":{"self":[{"href":"https:\/\/cpsanjorge.educacion.navarra.es\/web\/wp-json\/wp\/v2\/pages\/330"}],"collection":[{"href":"https:\/\/cpsanjorge.educacion.navarra.es\/web\/wp-json\/wp\/v2\/pages"}],"about":[{"href":"https:\/\/cpsanjorge.educacion.navarra.es\/web\/wp-json\/wp\/v2\/types\/page"}],"author":[{"embeddable":true,"href":"https:\/\/cpsanjorge.educacion.navarra.es\/web\/wp-json\/wp\/v2\/users\/1"}],"replies":[{"embeddable":true,"href":"https:\/\/cpsanjorge.educacion.navarra.es\/web\/wp-json\/wp\/v2\/comments?post=330"}],"version-history":[{"count":25,"href":"https:\/\/cpsanjorge.educacion.navarra.es\/web\/wp-json\/wp\/v2\/pages\/330\/revisions"}],"predecessor-version":[{"id":4547,"href":"https:\/\/cpsanjorge.educacion.navarra.es\/web\/wp-json\/wp\/v2\/pages\/330\/revisions\/4547"}],"wp:attachment":[{"href":"https:\/\/cpsanjorge.educacion.navarra.es\/web\/wp-json\/wp\/v2\/media?parent=330"}],"curies":[{"name":"wp","href":"https:\/\/api.w.org\/{rel}","templated":true}]}}