{"id":322,"date":"2016-04-07T12:10:10","date_gmt":"2016-04-07T10:10:10","guid":{"rendered":"http:\/\/cpsanjorge.educacion.navarra.es\/web\/?page_id=322"},"modified":"2025-09-10T10:12:53","modified_gmt":"2025-09-10T08:12:53","slug":"3o-educacion-primaria","status":"publish","type":"page","link":"https:\/\/cpsanjorge.educacion.navarra.es\/web\/3o-educacion-primaria\/","title":{"rendered":"Materiales para 3\u00ba Educaci\u00f3n Primaria"},"content":{"rendered":"\n<ul>\n<li style=\"font-weight: 400;\" aria-level=\"1\"><span style=\"font-weight: 400;\">1 ESTUCHE DE CREMALLERA.<\/span><\/li>\n<li style=\"font-weight: 400;\" aria-level=\"1\"><span style=\"font-weight: 400;\">1 REGLA DE 20 \u00f3 30 CM.<\/span><\/li>\n<li style=\"font-weight: 400;\" aria-level=\"1\"><span style=\"font-weight: 400;\">1 L\u00c1PIZ BICOLOR ROJO Y AZUL.<\/span><\/li>\n<li style=\"font-weight: 400;\" aria-level=\"1\"><span style=\"font-weight: 400;\">3 L\u00c1PICES N\u00ba2 STAEDTLER.<\/span><\/li>\n<li style=\"font-weight: 400;\" aria-level=\"1\"><span style=\"font-weight: 400;\">3 GOMAS DE BORRAR (MIL\u00c1N).<\/span><\/li>\n<li style=\"font-weight: 400;\" aria-level=\"1\"><span style=\"font-weight: 400;\">SACAPUNTAS CON DEP\u00d3SITO.<\/span><\/li>\n<li style=\"font-weight: 400;\" aria-level=\"1\"><span style=\"font-weight: 400;\">TIJERAS.<\/span><\/li>\n<li style=\"font-weight: 400;\" aria-level=\"1\"><span style=\"font-weight: 400;\">PEGAMENTO DE BARRA.<\/span><\/li>\n<li style=\"font-weight: 400;\" aria-level=\"1\"><span style=\"font-weight: 400;\">PINTURAS DE PALO.<\/span><\/li>\n<li style=\"font-weight: 400;\" aria-level=\"1\"><span style=\"font-weight: 400;\">ROTULADORES.<\/span><\/li>\n<li style=\"font-weight: 400;\" aria-level=\"1\"><span style=\"font-weight: 400;\">4 CARPETAS PARA: M\u00daSICA, INGL\u00c9S, TAREAS Y AULA.<\/span><\/li>\n<li style=\"font-weight: 400;\" aria-level=\"1\"><span style=\"font-weight: 400;\">4 CUADERNOS CUADR\u00cdCULA FRANCESA\u00a0 \u00a03X3\u00a0 TAMA\u00d1O FOLIO:\u00a0\u00a0<\/span><\/li>\n<\/ul>\n<p><span style=\"font-weight: 400;\">\u00a0 \u00a0 \u00a0 \u00a0 \u00a0 \u00a0 LENGUA<\/span><\/p>\n<p><span style=\"font-weight: 400;\">\u00a0 \u00a0 \u00a0 \u00a0 \u00a0 \u00a0 MATEM\u00c1TICAS<\/span><\/p>\n<p><span style=\"font-weight: 400;\">\u00a0 \u00a0 \u00a0 \u00a0 \u00a0 \u00a0 CONOCIMIENTO DEL MEDIO<\/span><\/p>\n<p><span style=\"font-weight: 400;\">\u00a0 \u00a0 \u00a0 \u00a0 \u00a0 \u00a0 \u00a0INGL\u00c9S<\/span><\/p>\n<ul>\n<li aria-level=\"1\"><b>MATERIAL PARA M\u00daSICA<\/b><span style=\"font-weight: 400;\">:<\/span><span style=\"font-weight: 400;\"> FLAUTA HONNER.<\/span><\/li>\n<\/ul>\n<ul>\n<li aria-level=\"1\"><b>MATERIAL PARA INGL\u00c9S<\/b><b>: <\/b><span style=\"font-weight: 400;\">HEROES 3 ACTIVITY BOOK PK (+ GRAM PRACT). MACMILLAN E.L.T.<\/span><b> ISBN: 9781380055279<\/b><\/li>\n<\/ul>\n<p>\u00a0<\/p>\n<ul>\n<li aria-level=\"1\"><b>EL <\/b><b>ALUMNADO QUE CURSE<\/b><b> EUSKERA<\/b><b> DEBER\u00c1 COMPRAR:<\/b><\/li>\n<\/ul>\n<p><span style=\"font-weight: 400;\">\u00a0 \u00a0 \u00a0 \u00a0 \u00a0 \u00a0 CARPETA<\/span><\/p>\n<p><span style=\"font-weight: 400;\">\u00a0 \u00a0 \u00a0 \u00a0 \u00a0 \u00a0 CUADERNO (MILIMETRADO, TAMA\u00d1O FOLIO).<\/span><\/p>\n<ul>\n<li style=\"list-style-type: none;\">\u00a0<\/li>\n<\/ul>\n<p>\u00a0<\/p>\n<p><b>TODO EL MATERIAL DEBE ESTAR MARCADO CON EL NOMBRE.<\/b><\/p>\n<p style=\"text-align: right;\"><span style=\"font-weight: 400;\">Pamplona, junio de 2025<\/span><\/p>\n<p>\u00a0<\/p>\n<p style=\"text-align: center;\">\u00a0<\/p>\n","protected":false},"excerpt":{"rendered":"<p>1 ESTUCHE DE CREMALLERA. 1 REGLA DE 20 \u00f3 30 CM. 1 L\u00c1PIZ BICOLOR ROJO Y AZUL. 3 L\u00c1PICES N\u00ba2 STAEDTLER. 3 GOMAS DE BORRAR (MIL\u00c1N). SACAPUNTAS CON DEP\u00d3SITO. TIJERAS. PEGAMENTO DE BARRA. PINTURAS DE PALO. ROTULADORES. 4 CARPETAS PARA: M\u00daSICA, INGL\u00c9S, TAREAS Y AULA. 4 CUADERNOS CUADR\u00cdCULA FRANCESA\u00a0 \u00a03X3\u00a0 TAMA\u00d1O FOLIO:\u00a0\u00a0 \u00a0 \u00a0 \u00a0 &hellip; <\/p>\n<p class=\"link-more\"><a href=\"https:\/\/cpsanjorge.educacion.navarra.es\/web\/3o-educacion-primaria\/\" class=\"more-link\">Continuar leyendo<span class=\"screen-reader-text\"> \u00abMateriales para 3\u00ba Educaci\u00f3n Primaria\u00bb<\/span><\/a><\/p>\n","protected":false},"author":1,"featured_media":0,"parent":0,"menu_order":0,"comment_status":"closed","ping_status":"closed","template":"","meta":[],"_links":{"self":[{"href":"https:\/\/cpsanjorge.educacion.navarra.es\/web\/wp-json\/wp\/v2\/pages\/322"}],"collection":[{"href":"https:\/\/cpsanjorge.educacion.navarra.es\/web\/wp-json\/wp\/v2\/pages"}],"about":[{"href":"https:\/\/cpsanjorge.educacion.navarra.es\/web\/wp-json\/wp\/v2\/types\/page"}],"author":[{"embeddable":true,"href":"https:\/\/cpsanjorge.educacion.navarra.es\/web\/wp-json\/wp\/v2\/users\/1"}],"replies":[{"embeddable":true,"href":"https:\/\/cpsanjorge.educacion.navarra.es\/web\/wp-json\/wp\/v2\/comments?post=322"}],"version-history":[{"count":22,"href":"https:\/\/cpsanjorge.educacion.navarra.es\/web\/wp-json\/wp\/v2\/pages\/322\/revisions"}],"predecessor-version":[{"id":4541,"href":"https:\/\/cpsanjorge.educacion.navarra.es\/web\/wp-json\/wp\/v2\/pages\/322\/revisions\/4541"}],"wp:attachment":[{"href":"https:\/\/cpsanjorge.educacion.navarra.es\/web\/wp-json\/wp\/v2\/media?parent=322"}],"curies":[{"name":"wp","href":"https:\/\/api.w.org\/{rel}","templated":true}]}}