{"id":3064,"date":"2023-02-08T21:38:27","date_gmt":"2023-02-08T20:38:27","guid":{"rendered":"https:\/\/cpsanjorge.educacion.navarra.es\/web\/?page_id=3064"},"modified":"2023-02-12T19:50:44","modified_gmt":"2023-02-12T18:50:44","slug":"transformacion","status":"publish","type":"page","link":"https:\/\/cpsanjorge.educacion.navarra.es\/web\/transformacion\/","title":{"rendered":"Transformaci\u00f3n"},"content":{"rendered":"\n<p style=\"text-align: justify;\"><span style=\"font-weight: 400;\">La idea de la transformaci\u00f3n se refiere a la necesidad de cambiar las circunstancias que aumentan la desigualdad en cualquiera de sus formas y en convertir los obst\u00e1culos en desaf\u00edos para superar dichas desigualdades. Como dice el educador brasile\u00f1o Paulo Freire: \u201cLas personas somos seres de transformaci\u00f3n, m\u00e1s que seres de adaptaci\u00f3n\u201d.\u00a0<\/span><\/p>\n<p style=\"text-align: justify;\"><span style=\"font-weight: 400;\">L<\/span><span style=\"font-weight: 400;\">a educaci\u00f3n no se debe centrar en la adaptaci\u00f3n a la realidad social de cada persona y s\u00ed en la transformaci\u00f3n de su contexto. Se puede y se debe promover una amplia variedad de interacciones que hagan posible los cambios en la vida de las personas, ya que toda situaci\u00f3n injusta puede ser revertida porque existen alternativas mejores que ayudan a superar las dificultades.<\/span><\/p>\n<p><img loading=\"lazy\" class=\"aligncenter size-large wp-image-3106\" src=\"https:\/\/cpsanjorge.educacion.navarra.es\/web\/wp-content\/uploads\/2023\/02\/Precious-y-el-a\u0301rbol-1024x768.jpg\" alt=\"\" width=\"640\" height=\"480\" srcset=\"https:\/\/cpsanjorge.educacion.navarra.es\/web\/wp-content\/uploads\/2023\/02\/Precious-y-el-a\u0301rbol-1024x768.jpg 1024w, https:\/\/cpsanjorge.educacion.navarra.es\/web\/wp-content\/uploads\/2023\/02\/Precious-y-el-a\u0301rbol-300x225.jpg 300w, https:\/\/cpsanjorge.educacion.navarra.es\/web\/wp-content\/uploads\/2023\/02\/Precious-y-el-a\u0301rbol-768x576.jpg 768w, https:\/\/cpsanjorge.educacion.navarra.es\/web\/wp-content\/uploads\/2023\/02\/Precious-y-el-a\u0301rbol.jpg 1500w\" sizes=\"(max-width: 640px) 100vw, 640px\" \/><\/p>\n<p style=\"text-align: justify;\"><span style=\"font-weight: 400;\"><span style=\"text-decoration: underline;\">El principio de la transformaci\u00f3n y la convivencia<\/span>.<\/span><span style=\"font-weight: 400;\"> El cambio supone siempre salir de una zona confortable para adentrarse en otra donde podamos aprender y desarrollarnos en todos los sentidos. En esta continua transformaci\u00f3n las dem\u00e1s personas tienen una funci\u00f3n clave. Su saber y conocimiento se manifiesta si son visibles en una comunidad educativa que sabe acogerlas.<\/span><\/p>\n","protected":false},"excerpt":{"rendered":"<p>La idea de la transformaci\u00f3n se refiere a la necesidad de cambiar las circunstancias que aumentan la desigualdad en cualquiera de sus formas y en convertir los obst\u00e1culos en desaf\u00edos para superar dichas desigualdades. Como dice el educador brasile\u00f1o Paulo Freire: \u201cLas personas somos seres de transformaci\u00f3n, m\u00e1s que seres de adaptaci\u00f3n\u201d.\u00a0 La educaci\u00f3n no &hellip; <\/p>\n<p class=\"link-more\"><a href=\"https:\/\/cpsanjorge.educacion.navarra.es\/web\/transformacion\/\" class=\"more-link\">Continuar leyendo<span class=\"screen-reader-text\"> \u00abTransformaci\u00f3n\u00bb<\/span><\/a><\/p>\n","protected":false},"author":1,"featured_media":0,"parent":0,"menu_order":0,"comment_status":"closed","ping_status":"closed","template":"","meta":[],"_links":{"self":[{"href":"https:\/\/cpsanjorge.educacion.navarra.es\/web\/wp-json\/wp\/v2\/pages\/3064"}],"collection":[{"href":"https:\/\/cpsanjorge.educacion.navarra.es\/web\/wp-json\/wp\/v2\/pages"}],"about":[{"href":"https:\/\/cpsanjorge.educacion.navarra.es\/web\/wp-json\/wp\/v2\/types\/page"}],"author":[{"embeddable":true,"href":"https:\/\/cpsanjorge.educacion.navarra.es\/web\/wp-json\/wp\/v2\/users\/1"}],"replies":[{"embeddable":true,"href":"https:\/\/cpsanjorge.educacion.navarra.es\/web\/wp-json\/wp\/v2\/comments?post=3064"}],"version-history":[{"count":4,"href":"https:\/\/cpsanjorge.educacion.navarra.es\/web\/wp-json\/wp\/v2\/pages\/3064\/revisions"}],"predecessor-version":[{"id":3107,"href":"https:\/\/cpsanjorge.educacion.navarra.es\/web\/wp-json\/wp\/v2\/pages\/3064\/revisions\/3107"}],"wp:attachment":[{"href":"https:\/\/cpsanjorge.educacion.navarra.es\/web\/wp-json\/wp\/v2\/media?parent=3064"}],"curies":[{"name":"wp","href":"https:\/\/api.w.org\/{rel}","templated":true}]}}

Transformación

<p style="text-align: justify;"><span style="font-weight: 400;">La idea de la transformación se refiere a la necesidad de cambiar las circunstancias que aumentan la desigualdad en cualquiera de sus formas y en convertir los obstáculos en desafíos para superar dichas desigualdades. Como dice el educador brasileño Paulo Freire: “Las personas somos seres de transformación, más que seres de adaptación”. </span></p>
<p style="text-align: justify;"><span style="font-weight: 400;">L</span><span style="font-weight: 400;">a educación no se debe centrar en la adaptación a la realidad social de cada persona y sí en la transformación de su contexto. Se puede y se debe promover una amplia variedad de interacciones que hagan posible los cambios en la vida de las personas, ya que toda situación injusta puede ser revertida porque existen alternativas mejores que ayudan a superar las dificultades.</span></p>
<p><img loading="lazy" class="aligncenter size-large wp-image-3106" src="https://cpsanjorge.educacion.navarra.es/web/wp-content/uploads/2023/02/Precious-y-el-árbol-1024x768.jpg" alt="" width="640" height="480" srcset="https://cpsanjorge.educacion.navarra.es/web/wp-content/uploads/2023/02/Precious-y-el-árbol-1024x768.jpg 1024w, https://cpsanjorge.educacion.navarra.es/web/wp-content/uploads/2023/02/Precious-y-el-árbol-300x225.jpg 300w, https://cpsanjorge.educacion.navarra.es/web/wp-content/uploads/2023/02/Precious-y-el-árbol-768x576.jpg 768w, https://cpsanjorge.educacion.navarra.es/web/wp-content/uploads/2023/02/Precious-y-el-árbol.jpg 1500w" sizes="(max-width: 640px) 100vw, 640px" /></p>
<p style="text-align: justify;"><span style="font-weight: 400;"><span style="text-decoration: underline;">El principio de la transformación y la convivencia</span>.</span><span style="font-weight: 400;"> El cambio supone siempre salir de una zona confortable para adentrarse en otra donde podamos aprender y desarrollarnos en todos los sentidos. En esta continua transformación las demás personas tienen una función clave. Su saber y conocimiento se manifiesta si son visibles en una comunidad educativa que sabe acogerlas.</span></p>

<p>La idea de la transformación se refiere a la necesidad de cambiar las circunstancias que aumentan la desigualdad en cualquiera de sus formas y en convertir los obstáculos en desafíos para superar dichas desigualdades. Como dice el educador brasileño Paulo Freire: “Las personas somos seres de transformación, más que seres de adaptación”.  La educación no &hellip; </p>
<p class="link-more"><a href="https://cpsanjorge.educacion.navarra.es/web/transformacion/" class="more-link">Continuar leyendo<span class="screen-reader-text"> «Transformación»</span></a></p>
