{"id":3058,"date":"2023-02-08T21:37:03","date_gmt":"2023-02-08T20:37:03","guid":{"rendered":"https:\/\/cpsanjorge.educacion.navarra.es\/web\/?page_id=3058"},"modified":"2023-02-12T19:59:54","modified_gmt":"2023-02-12T18:59:54","slug":"igualdad-de-diferencias","status":"publish","type":"page","link":"https:\/\/cpsanjorge.educacion.navarra.es\/web\/igualdad-de-diferencias\/","title":{"rendered":"Igualdad de diferencias"},"content":{"rendered":"\n<p style=\"text-align: justify;\"><span style=\"font-weight: 400;\">Los centros educativos debemos asumir las diferencias entre las culturas y entre las personas como punto de partida de una insondable riqueza sobre la que ir construyendo el presente y so\u00f1ando un futuro mejor.\u00a0 Ya no nos satisface la igualdad de oportunidades porque buscamos la igualdad de resultados. Solo las propuestas igualitarias desde <\/span><span style=\"font-weight: 400;\">todos<\/span><span style=\"font-weight: 400;\"> los \u00e1mbitos <\/span><span style=\"font-weight: 400;\">&#8211;<\/span><span style=\"font-weight: 400;\">educativo, pol\u00edtico, econ\u00f3mico, educativo, etc.<\/span><span style=\"font-weight: 400;\">&#8211;<\/span><span style=\"font-weight: 400;\"> pueden superar la democracia t\u00e9cnica y alumbrar una aut\u00e9ntica democracia cordial. M\u00e1s all\u00e1 de la igualdad homogeneizadora y la defensa de la diversidad que <\/span><span style=\"font-weight: 400;\">obvia <\/span><span style=\"font-weight: 400;\">la equidad, la igualdad de diferencias es la igualdad real en la cual todas las personas tienen el mismo derecho a ser y a vivir de forma diferente, y al mismo tiempo, a ser tratadas con el mismo respeto y dignidad.\u00a0<\/span><\/p>\n<p style=\"text-align: justify;\"><span style=\"font-weight: 400;\">Las escuelas son un reflejo de una sociedad diversa y plural. El desaf\u00edo de las escuelas es comprender que, por s\u00ed solo, el reconocimiento de las diferencias no es suficiente para alcanzar una educaci\u00f3n igualitaria puesto que lo fundamental es que todas las personas, independientemente de su origen, cultura, creencias, etc., est\u00e9n pr\u00f3ximas a las dem\u00e1s y que sus voces sean escuchadas en todo contexto y situaci\u00f3n.<\/span><\/p>\n<p><img loading=\"lazy\" class=\"aligncenter size-large wp-image-3111\" src=\"https:\/\/cpsanjorge.educacion.navarra.es\/web\/wp-content\/uploads\/2023\/02\/Colin-1024x768.jpg\" alt=\"\" width=\"640\" height=\"480\" srcset=\"https:\/\/cpsanjorge.educacion.navarra.es\/web\/wp-content\/uploads\/2023\/02\/Colin-1024x768.jpg 1024w, https:\/\/cpsanjorge.educacion.navarra.es\/web\/wp-content\/uploads\/2023\/02\/Colin-300x225.jpg 300w, https:\/\/cpsanjorge.educacion.navarra.es\/web\/wp-content\/uploads\/2023\/02\/Colin-768x576.jpg 768w, https:\/\/cpsanjorge.educacion.navarra.es\/web\/wp-content\/uploads\/2023\/02\/Colin.jpg 1500w\" sizes=\"(max-width: 640px) 100vw, 640px\" \/><\/p>\n<p style=\"text-align: justify;\"><span style=\"text-decoration: underline;\"><span style=\"font-weight: 400;\">El principio de la igualdad de diferencias y la convivencia<\/span><\/span><span style=\"font-weight: 400;\">. Todas y todos aspiramos a desarrollar habilidades sociales en una sociedad siempre cambiante. Lograrlo exige vivir con responsabilidad el amplio margen que tenemos para desarrollarnos como personas due\u00f1as de nuestro destino y comprometidas con la comunidad, denunciando las injusticias, anunciando las acciones justas y defendiendo a quien lo necesita. La igualdad de diferencias nos empuja a ofrecer nuestros recursos m\u00e1s personales y a <\/span><span style=\"font-weight: 400;\">fortalecer los lazos con<\/span><span style=\"font-weight: 400;\"> los dem\u00e1s y <\/span><span style=\"font-weight: 400;\">con<\/span><span style=\"font-weight: 400;\"> la comunidad.<\/span><\/p>\n","protected":false},"excerpt":{"rendered":"<p>Los centros educativos debemos asumir las diferencias entre las culturas y entre las personas como punto de partida de una insondable riqueza sobre la que ir construyendo el presente y so\u00f1ando un futuro mejor.\u00a0 Ya no nos satisface la igualdad de oportunidades porque buscamos la igualdad de resultados. Solo las propuestas igualitarias desde todos los &hellip; <\/p>\n<p class=\"link-more\"><a href=\"https:\/\/cpsanjorge.educacion.navarra.es\/web\/igualdad-de-diferencias\/\" class=\"more-link\">Continuar leyendo<span class=\"screen-reader-text\"> \u00abIgualdad de diferencias\u00bb<\/span><\/a><\/p>\n","protected":false},"author":1,"featured_media":0,"parent":0,"menu_order":0,"comment_status":"closed","ping_status":"closed","template":"","meta":[],"_links":{"self":[{"href":"https:\/\/cpsanjorge.educacion.navarra.es\/web\/wp-json\/wp\/v2\/pages\/3058"}],"collection":[{"href":"https:\/\/cpsanjorge.educacion.navarra.es\/web\/wp-json\/wp\/v2\/pages"}],"about":[{"href":"https:\/\/cpsanjorge.educacion.navarra.es\/web\/wp-json\/wp\/v2\/types\/page"}],"author":[{"embeddable":true,"href":"https:\/\/cpsanjorge.educacion.navarra.es\/web\/wp-json\/wp\/v2\/users\/1"}],"replies":[{"embeddable":true,"href":"https:\/\/cpsanjorge.educacion.navarra.es\/web\/wp-json\/wp\/v2\/comments?post=3058"}],"version-history":[{"count":5,"href":"https:\/\/cpsanjorge.educacion.navarra.es\/web\/wp-json\/wp\/v2\/pages\/3058\/revisions"}],"predecessor-version":[{"id":3112,"href":"https:\/\/cpsanjorge.educacion.navarra.es\/web\/wp-json\/wp\/v2\/pages\/3058\/revisions\/3112"}],"wp:attachment":[{"href":"https:\/\/cpsanjorge.educacion.navarra.es\/web\/wp-json\/wp\/v2\/media?parent=3058"}],"curies":[{"name":"wp","href":"https:\/\/api.w.org\/{rel}","templated":true}]}}