{"id":1150,"date":"2018-03-05T11:32:04","date_gmt":"2018-03-05T10:32:04","guid":{"rendered":"http:\/\/cpsanjorge.educacion.navarra.es\/web\/?page_id=1150"},"modified":"2023-02-12T20:47:17","modified_gmt":"2023-02-12T19:47:17","slug":"convivencia","status":"publish","type":"page","link":"https:\/\/cpsanjorge.educacion.navarra.es\/web\/convivencia\/","title":{"rendered":"Convivencia"},"content":{"rendered":"<p style=\"text-align: justify;\"><strong>Convivir en paz y armon\u00eda es uno de los prop\u00f3sitos fundamentales de nuestro colegio<\/strong>. Aprender mucho y tratarse bien\u00a0 son dos objetivos que buscamos conjuntamente simplemente porque no podemos alcanzar los mejores aprendizajes sin la ayuda de todas las dem\u00e1s personas. Al mismo tiempo, solo cuando nos tratamos bien podemos demandar la ayuda que necesitamos para aprender. La comunidad cient\u00edfica internacional sabe que <strong>el Modelo Dial\u00f3gico de Prevenci\u00f3n y Resoluci\u00f3n de Conflictos -MDPRC-<\/strong> proporciona el marco de convivencia para lograr que la convivencia sea \u00f3ptima. El Club de Valientes CdV permite fortalecer el v\u00ednculo entre las personas cuando se produce alguna conducta que entra\u00f1a alg\u00fan tipo de violencia. La fuerza del grupo no solo permite defender a las v\u00edctimas sino que ense\u00f1a a quien agrede que el camino de la violencia no es una opci\u00f3n. Simplemente decimos NO A LA VIOLENCIA.<\/p>\n<p>Si pinchas en las subp\u00e1ginas de <strong>Convivencia<\/strong> encontrar\u00e1s:<\/p>\n<ul style=\"list-style-type: square;\">\n<li><strong>Comisi\u00f3n de Convivencia:<\/strong> Encontrar\u00e1s los miembros de la comunidad educativa que forman la Comisi\u00f3n.<\/li>\n<li><strong>Plan de convivencia:<\/strong> Podr\u00e1s ver y descargarte el\u00a0 Plan de Convivencia del Colegio.<\/li>\n<li><strong>Reglamento de Convivencia: <\/strong>Podr\u00e1s ver y descargarte el Reglamento de Convivencia del Colegio, donde se detallan las consecuencias a las conductas contrarias a la convivencia.<\/li>\n<\/ul>\n","protected":false},"excerpt":{"rendered":"<p>Convivir en paz y armon\u00eda es uno de los prop\u00f3sitos fundamentales de nuestro colegio. Aprender mucho y tratarse bien\u00a0 son dos objetivos que buscamos conjuntamente simplemente porque no podemos alcanzar los mejores aprendizajes sin la ayuda de todas las dem\u00e1s personas. Al mismo tiempo, solo cuando nos tratamos bien podemos demandar la ayuda que necesitamos &hellip; <\/p>\n<p class=\"link-more\"><a href=\"https:\/\/cpsanjorge.educacion.navarra.es\/web\/convivencia\/\" class=\"more-link\">Continuar leyendo<span class=\"screen-reader-text\"> \u00abConvivencia\u00bb<\/span><\/a><\/p>\n","protected":false},"author":1,"featured_media":0,"parent":0,"menu_order":0,"comment_status":"closed","ping_status":"closed","template":"","meta":[],"_links":{"self":[{"href":"https:\/\/cpsanjorge.educacion.navarra.es\/web\/wp-json\/wp\/v2\/pages\/1150"}],"collection":[{"href":"https:\/\/cpsanjorge.educacion.navarra.es\/web\/wp-json\/wp\/v2\/pages"}],"about":[{"href":"https:\/\/cpsanjorge.educacion.navarra.es\/web\/wp-json\/wp\/v2\/types\/page"}],"author":[{"embeddable":true,"href":"https:\/\/cpsanjorge.educacion.navarra.es\/web\/wp-json\/wp\/v2\/users\/1"}],"replies":[{"embeddable":true,"href":"https:\/\/cpsanjorge.educacion.navarra.es\/web\/wp-json\/wp\/v2\/comments?post=1150"}],"version-history":[{"count":3,"href":"https:\/\/cpsanjorge.educacion.navarra.es\/web\/wp-json\/wp\/v2\/pages\/1150\/revisions"}],"predecessor-version":[{"id":3123,"href":"https:\/\/cpsanjorge.educacion.navarra.es\/web\/wp-json\/wp\/v2\/pages\/1150\/revisions\/3123"}],"wp:attachment":[{"href":"https:\/\/cpsanjorge.educacion.navarra.es\/web\/wp-json\/wp\/v2\/media?parent=1150"}],"curies":[{"name":"wp","href":"https:\/\/api.w.org\/{rel}","templated":true}]}}